= 0, 3*o = -b - 2 + 4. Calculate g(o).
11
Let w = -23 - -10. Let j = w + 13. Let y(m) = m**2 - 13. Give y(j).
-13
Let v(y) be the second derivative of y**3/6 + 14*y. Determine v(-6).
-6
Let z(b) = 5*b + 1. Let p = 7 - 16. Let m be (-6)/p + 32/(-12). What is z(m)?
-9
Let w = -2 + 4. Suppose 3*a + w = -3*n - n, -n - 6 = -2*a. Let c(g) = 2*g**3 - g**2 - 2*g - 1. Determine c(a).
7
Let l be 4/(-16) - (-62)/(-8). Let m(d) = -2*d - 12. Let r be m(l). Let g(t) = t**2 - 6*t + 2. Determine g(r).
-6
Let r = 60 + -40. Let t = r - 22. Let z(u) = 2 - 2*u - 5 - u. Determine z(t).
3
Let a(w) = -w**2 + 2*w + 4. Let j be a(2). Let h(s) = s**3 - 5*s**2 + 3*s. Determine h(j).
-4
Suppose 0*k - 5*k = 5. Let d(i) = -i**3 + 4*i**2 - 4*i**2 - 1. Determine d(k).
0
Let o(r) be the first derivative of -r**2/2 + r - 2. Let f be o(6). Let l(i) = i + 7. Let s(m) = -m - 6. Let z(v) = -2*l(v) - 3*s(v). What is z(f)?
-1
Let i = -6 + 9. Suppose -4*p + 0*p + 19 = i*x, p = 3*x - 29. Suppose -6*d + 3*d = -x. Let t(b) = -b. Give t(d).
-3
Let g(f) be the first derivative of 3/2*f**2 - 2 + 5*f. Let p = -12 + 7. Calculate g(p).
-10
Let x be (-6)/(-4) - 3/6. Let y(l) be the first derivative of x + 1/2*l**2 + 7*l. Determine y(0).
7
Let s(j) = 6*j + 3*j - 4 - 5*j. Give s(3).
8
Suppose 14*l - 11*l = 0. Let d(w) be the first derivative of w**3/3 + w**2/2 - 2*w + 2. Determine d(l).
-2
Let t(c) = c**3 + 3*c**2 - c. Suppose 0 = 5*o - 2 + 17. Calculate t(o).
3
Let d(l) be the second derivative of l**3/6 - 3*l**2/2 + 15*l. Give d(4).
1
Let d(x) = x**2 + 7*x - 1. Let n be 66/11 + (-28)/2. Calculate d(n).
7
Let m be (0 - (-2)/6)/((-27)/(-486)). Let c(k) = 16*k**3 - 41*k**2 - 5*k - 21. Let h(o) = -3*o**3 + 8*o**2 + o + 4. Let w(d) = 2*c(d) + 11*h(d). Give w(m).
8
Let s = 12 + -12. Suppose -m = -5*a + 4, 2*a - m + s*m = 1. Let p(n) = -8*n**2 + 2*n - 1. What is p(a)?
-7
Let w(o) = -o**2 + 6*o - 4. Suppose -3*i = 0, -2*s - 3*i - 5 + 1 = 0. Let y = 2 + s. Let d = y - -5. What is w(d)?
1
Let u = -2 + 1. Let i be (1/(-3))/(u/9). Suppose 0*t - l - 16 = i*t, -24 = 3*t + 3*l. Let o(r) = -2*r - 1. Determine o(t).
7
Suppose -22 = -7*q + 34. Let h(u) = -u**3 + 7*u**2 + 6*u - 1. Determine h(q).
-17
Suppose 0*t = 2*t - 4. Let g(m) = m**3 + 4*m - 2*m**2 + 12*m**2 - 3 - 5*m**t. Give g(-4).
-3
Let t(x) be the third derivative of x**5/5 - x**4/24 - 2*x**2. Suppose 8*u = 21*u - 13. What is t(u)?
11
Let k(x) = -x + 1. Let t(o) = 2*o - 3. Let i(z) = 12*k(z) + 4*t(z). What is i(-1)?
4
Let s(y) be the first derivative of -y**4/4 + 5*y**3/3 + 2*y**2 + 2*y + 35. Give s(6).
-10
Let i(u) = -u**2 + 5*u - 2. Let q be i(4). Suppose 4*l = -n + 12, 2*n = -q*l - 2*n + 20. Let t(f) = -3*f - 1. Give t(l).
-7
Let q(c) = 3*c**3 + 3*c**2 + c. Suppose 4*v - 23 = -3. Suppose 2*k = 2*b - k - 5, -b - k = v. What is q(b)?
-14
Let f(b) = b**3 + b**2 - 2*b. Let x be f(-2). Let m(o) = o + 16. Determine m(x).
16
Suppose -4*i - 11 - 1 = 0. Let r be (i + 3)/(2/(-1)). Let g(a) = 0 + 2 - a + 3. Determine g(r).
5
Let x be -1 + 25/72*3. Let h(m) be the third derivative of -2*m**2 + 0 + x*m**4 + 1/15*m**5 - 1/2*m**3 - 1/120*m**6 + 0*m. Determine h(4).
1
Suppose -4*n + 3*q = -2*q - 15, 4*q - 20 = 0. Suppose 0 = -4*d + 2 + n. Let t(u) = u**2 - 4*u + 2. What is t(d)?
-1
Let f(x) = x**3 + x**2 + 2*x. Suppose -4 = 5*p + 6. Let g = 12 + p. Suppose 4*a = 4*v - 2 - g, 7 = -v - a. Give f(v).
-8
Let f = 96 - 96. Let t(h) = -5*h - 8. Let y(j) = -9*j - 15. Let r(o) = -11*t(o) + 6*y(o). Give r(f).
-2
Let j be 3/(-4 + 1)*-2. Let i(v) be the first derivative of 2*v + 1/3*v**3 + 3*v**j - 3. What is i(-4)?
-6
Let m = -3 - -2. Let o be (0 - -5)*m/(-1). Let h(f) = -11 + 28 - 13 + 3*f - 11. Calculate h(o).
8
Suppose 5*w = w + y + 53, 0 = 2*w + 2*y - 34. Suppose -10 = -2*m, 3*m + m - w = d. Let g(x) = -x**2 + 6*x + 2. Calculate g(d).
2
Let w(j) = -j**2 - 1. Let c(u) = -6*u**2 + 7*u + 3. Let p(y) = c(y) - 5*w(y). Determine p(7).
8
Let q(n) be the second derivative of -n**8/6720 - n**7/630 - n**6/720 + n**5/120 - 3*n**4/4 + 9*n. Let r(h) be the third derivative of q(h). Calculate r(-3).
-5
Let q(c) = -2*c + 1. Let s = -4 + 8. Suppose -s*d = -d. Suppose -3*p + 1 - 13 = d. What is q(p)?
9
Let f(p) = -11*p**3 + 3*p**2 - 3*p + 20. Let j(o) = -4*o**3 + o**2 - o + 7. Let b(d) = -6*f(d) + 17*j(d). Let s be 6/5 + 6/(-30). Give b(s).
-3
Let i(p) = p**3 - 8*p**2 + 11*p. Let l be i(6). Let v(d) = 3*d - 2. What is v(l)?
-20
Let i be 3/4 - (-1)/4. Let j(y) = -15*y**2 - 8*y + 7. Let c(v) = -14*v**2 - 7*v + 6. Let r(x) = 6*c(x) - 5*j(x). What is r(i)?
-10
Let m(a) be the second derivative of -3/2*a**2 + 1/6*a**3 + 0 + 2*a. Suppose z - 5*z = 16. What is m(z)?
-7
Suppose 5*s - 14 = 16. Let m(f) = f + 1. What is m(s)?
7
Let x(a) = 3*a - 3. Let g be x(2). Let c(t) = -39 - 32 - 3*t + 75. What is c(g)?
-5
Suppose 2*z + 1 = 5. Suppose -p + r = -6, -p + 4*r = z*p - 22. Let j(u) = 1 - 2*u**2 + u - p*u - 5*u**2. Determine j(1).
-7
Let z be -1 + (-6)/4*-2. Let j(w) = w**2 - 2 + 0*w**2 - w + 2*w - 6*w**z + w**3. Calculate j(5).
3
Let v(c) = -3*c. Let j(s) = -5*s + 29. Let k be j(6). Determine v(k).
3
Let u(k) = k**3 - 4*k**2 - 3*k + 7. Let g(y) = y**3 - 5*y**2 - 4*y + 7. Let b(j) = 3*g(j) - 4*u(j). Give b(0).
-7
Let i(l) = 15 + 15 + l**2 - 37. Determine i(0).
-7
Let b(v) = v**2 - 6*v + 2. Let m be (-6)/2 + 2*11. Suppose -4 = 3*p - m. Give b(p).
-3
Suppose -q + 3 = 4*z - 0*z, -q = z + 3. Let s(h) be the first derivative of -5*h**2/2 - 1. Calculate s(z).
-10
Let b(o) be the third derivative of -o**6/30 - o**5/60 + o**4/24 - 3*o**2. Let j(u) = u - 7. Let f be j(4). Let a = -2 - f. Give b(a).
-4
Let m = -16 - -14. Let u(r) = -r**3 - 2*r**2 + 2*r - 1. Give u(m).
-5
Let g(a) = 9*a + 20*a - 31*a + a**2 - 3. Determine g(6).
21
Let n be (8/2 - 2) + -3. Let d(q) = -8*q**2 + 10*q + 10. Let b(t) = -5*t**2 + 7*t + 7. Let w(j) = -7*b(j) + 5*d(j). Determine w(n).
-5
Let d(l) be the third derivative of -l**6/120 - l**5/30 - l**4/8 - l**3/2 - l**2 + 41. Determine d(-2).
3
Let c(d) = 16*d + 1. Let p(h) = -h**3 - 2*h**2 + 3*h - 1. Let w be p(-3). Give c(w).
-15
Let h(k) = 9*k**2 + 2*k + 1. Let i = 41 - 22. Let o = -13 + i. Let t(v) = v**2 - 5*v - 7. Let u be t(o). Determine h(u).
8
Let y be (6/(-4))/(6/(-8)). Suppose 0 = -n + 1 + y. Let z(j) be the third derivative of -j**5/60 + 2*j**3/3 - 58*j**2. Give z(n).
-5
Suppose 24 = 4*g - 8*g. Let z(h) be the third derivative of 0 + 1/60*h**5 + 5/6*h**3 + 2*h**2 + 1/4*h**4 + 0*h. Calculate z(g).
5
Let w(y) = 2*y**2 + 4*y + 0*y**2 - y**2 - 8. Determine w(-6).
4
Suppose -4*q - 12 = -0. Let i(s) = -16*s**3 - 20*s**2 - 26*s - 31. Let z(d) = -3*d**3 - 4*d**2 - 5*d - 6. Let x(n) = 2*i(n) - 11*z(n). Calculate x(q).
4
Let w(i) be the second derivative of 1/3*i**3 + 3*i + 0 - i**2. Give w(4).
6
Let d(a) be the third derivative of a**5/60 + 5*a**4/24 + a**3/2 + 7*a**2. Suppose -5*y - 26 = -1. Give d(y).
3
Suppose 2*u + 0*u = 6. Suppose -u*x - p + 3*p = -13, 0 = 2*x + 4*p + 18. Let g(q) = 7*q. What is g(x)?
7
Let q(l) = l**2 + 5*l + 5. Let v be q(-5). Let d = v - 10. Let h(m) be the first derivative of -m**3/3 - 2*m**2 - 2. Determine h(d).
-5
Suppose 3*j - 1 = 5*z, 0 = -5*j + 2*z + 2*z + 6. Let u(c) = 2*c**2 - 2*c**j + c**3 - 5*c + 4*c**2. Suppose 4*q = -5*k - 4 - 41, 3*q = -3*k - 30. Calculate u(k).
0
Let v(i) be the first derivative of i**4/4 - i**3/3 - 5*i**2/2 + 4*i + 11. Let y be 1*-2*-1 + 1. Calculate v(y).
7
Let p(d) = -d - 2. Suppose 2*g - 4*g + 14 = 0. Suppose 0 = 5*k - 3*n - g - 8, 25 = -k - 5*n. Give p(k).
-2
Let q(o) = -o**2 + o + 5. Suppose 7*v - 23 = 2*v - g, 0 = -v + 2*g - 2. What is q(v)?
-7
Let a = 0 - 8. Suppose -j + 3*j = -10. Let m(d) = -3*d**2 - 17*d - 8. Let n(g) = 2*g**2 + 11*g + 5. Let c(s) = a*n(s) + j*m(s). Determine c(-3).
0
Let l(d) = 5*d - 15. Suppose -19 = -2*p - 5. Let r(y) = -3*y + 8. Let q(x) = p*r(x) + 4*l(x). Calculate q(0).
-4
Suppose -3*l - 9 + 39 = 0. Suppose 2 + l = 4*p. Let x(z) = z**2 - z - 4. Calculate x(p).
2
Let j(u) be the second derivative of u**5/20 + u**4/6 + 2*u**3/3 + 3*u**2/2 - 39*u. Calculate j(-2).
-5
Let v(h) = h**2 - 4*h - 4. Let y(s) = -2*s**2 - 3*s + 11*s + 7 + s + 1. Let q(u) = 5*v(u) + 2*y(u). Give q(3).
-1
Let g(m) = 9 - 12*m + 11*m - 16 + 9. Determine g(8).
-6
Let z(m) = 14*m - 25*m - m**2 + 9*m. Calculate z(-4).
-8
Suppo